{"id":42,"date":"2017-11-03T11:15:46","date_gmt":"2017-11-03T10:15:46","guid":{"rendered":"http:\/\/www.aslabor.de\/opd\/?page_id=42"},"modified":"2017-11-18T19:20:17","modified_gmt":"2017-11-18T18:20:17","slug":"opd3","status":"publish","type":"page","link":"http:\/\/www.aslabor.de\/opd\/opd\/opd3\/","title":{"rendered":"Operation Diamond 3"},"content":{"rendered":"<p><span style=\"font-size: 14pt;\">Nachdem Sieg der <span class=\"postbody\" style=\"font-size: 14pt;\"><strong><span style=\"color: #009c00;\"><a style=\"color: #009c00;\" href=\"http:\/\/www.aslabor.de\/opd\/fraktionen\/kgf\/\" rel=\"noopener\">Kunganian Guard Force (KGF)<\/a><\/span><\/strong><\/span>\u00a0kehrte im Land <a href=\"http:\/\/www.aslabor.de\/opd\/kunga\/\"><strong>Kunga<\/strong><\/a> Frieden und Wohlstand ein. Die <span class=\"postbody\"><span style=\"color: #731818;\"><strong><a style=\"color: #731818;\" href=\"http:\/\/www.aslabor.de\/opd\/fraktionen\/kra\/\" rel=\"noopener\">Kunganian Regular Army (KRA)<\/a><\/strong><\/span><\/span>\u00a0musste dadurch in den Untergrund ausweichen, hat aber trotzdem Spitzel unter der Zivilbev\u00f6lkerung, die das Handeln der von der <span class=\"postbody\" style=\"font-size: 14pt;\"><strong><span style=\"color: #009c00;\"><a style=\"color: #009c00;\" href=\"http:\/\/www.aslabor.de\/opd\/fraktionen\/kgf\/\" rel=\"noopener\">KGF<\/a>\u00a0<\/span><\/strong><\/span>eingesetzten Regierung beobachten und st\u00f6ren.<\/span><\/p>\n<p><span style=\"font-size: 14pt;\">K\u00fcrzlich, nach einer mehrj\u00e4hrigen, bl\u00fchenden Regierungszeit, verstarb der hei\u00dfgeliebte Pr\u00e4sident &#8222;El Commandante&#8220;. Die dadurch entstandene Schw\u00e4che im Regierungsapparat nutze die <span class=\"postbody\"><span style=\"color: #731818;\"><strong><a style=\"color: #731818;\" href=\"http:\/\/www.aslabor.de\/opd\/fraktionen\/kra\/\" rel=\"noopener\">KRA<\/a>\u00a0<\/strong><\/span><\/span>mit Unterst\u00fctzung der takistanischen Regierung, um erneut den Kampf um die rohstoffreiche Provinz Heidekrug zu entfachen.<\/span><\/p>\n<p><span style=\"font-size: 14pt;\">Die <strong><span style=\"color: #337dff;\"><a style=\"color: #337dff;\" href=\"http:\/\/www.aslabor.de\/opd\/fraktionen\/gsf\/\" rel=\"noopener\">Global Support Foundation (GSF)<\/a><\/span><\/strong>\u00a0hat nach den letzten K\u00e4mpfen eine Einmischung in die Regierung Kungas aufgegeben, blieb jedoch im Landesinneren, um ihre eigenen Interessen zu wahren und setzt nun mit Ziel auf den h\u00f6chsten Gewinn eine S\u00f6ldnertruppe, die sich neutral positioniert, ein.<\/span><\/p>\n<p><span style=\"font-size: 14pt;\">Die durch den doch sehr stark geschw\u00e4chten Regierungsapparat gel\u00e4hmte Verteidigung Kungas und durch das Unverm\u00f6gen der <span class=\"postbody\" style=\"font-size: 14pt;\"><strong><span style=\"color: #009c00;\"><a style=\"color: #009c00;\" href=\"http:\/\/www.aslabor.de\/opd\/fraktionen\/kgf\/\" rel=\"noopener\">KGF<\/a><\/span><\/strong><\/span>-F\u00fchrung, gelang es der <span class=\"postbody\"><span style=\"color: #731818;\"><strong><a style=\"color: #731818;\" href=\"http:\/\/www.aslabor.de\/opd\/fraktionen\/kra\/\" rel=\"noopener\">KRA<\/a>\u00a0<\/strong><\/span><\/span>sich nach schweren, verlustreichen K\u00e4mpfen wieder in der Provinz Heidekrug zu etablieren und sogar die Vorherrschaft in diesem Gebiet wieder zu erlangen.<\/span><\/p>\n","protected":false},"excerpt":{"rendered":"<p>Nachdem Sieg der Kunganian Guard Force (KGF)\u00a0kehrte im Land Kunga Frieden und Wohlstand ein. Die Kunganian Regular Army (KRA)\u00a0musste dadurch in den Untergrund ausweichen, hat aber trotzdem Spitzel unter der Zivilbev\u00f6lkerung, die das Handeln der von der KGF\u00a0eingesetzten Regierung beobachten und st\u00f6ren. K\u00fcrzlich, nach einer mehrj\u00e4hrigen, bl\u00fchenden Regierungszeit, verstarb der hei\u00dfgeliebte Pr\u00e4sident &#8222;El Commandante&#8220;. Die [&hellip;]<\/p>\n","protected":false},"author":1,"featured_media":0,"parent":7,"menu_order":0,"comment_status":"closed","ping_status":"closed","template":"","meta":{"footnotes":""},"class_list":["post-42","page","type-page","status-publish","hentry"],"_links":{"self":[{"href":"http:\/\/www.aslabor.de\/opd\/wp-json\/wp\/v2\/pages\/42","targetHints":{"allow":["GET"]}}],"collection":[{"href":"http:\/\/www.aslabor.de\/opd\/wp-json\/wp\/v2\/pages"}],"about":[{"href":"http:\/\/www.aslabor.de\/opd\/wp-json\/wp\/v2\/types\/page"}],"author":[{"embeddable":true,"href":"http:\/\/www.aslabor.de\/opd\/wp-json\/wp\/v2\/users\/1"}],"replies":[{"embeddable":true,"href":"http:\/\/www.aslabor.de\/opd\/wp-json\/wp\/v2\/comments?post=42"}],"version-history":[{"count":4,"href":"http:\/\/www.aslabor.de\/opd\/wp-json\/wp\/v2\/pages\/42\/revisions"}],"predecessor-version":[{"id":147,"href":"http:\/\/www.aslabor.de\/opd\/wp-json\/wp\/v2\/pages\/42\/revisions\/147"}],"up":[{"embeddable":true,"href":"http:\/\/www.aslabor.de\/opd\/wp-json\/wp\/v2\/pages\/7"}],"wp:attachment":[{"href":"http:\/\/www.aslabor.de\/opd\/wp-json\/wp\/v2\/media?parent=42"}],"curies":[{"name":"wp","href":"https:\/\/api.w.org\/{rel}","templated":true}]}}